{"id":990652,"date":"2024-11-13T19:06:35","date_gmt":"2024-11-13T19:06:35","guid":{"rendered":"https:\/\/louloubabygifts.com\/?post_type=product&#038;p=990652"},"modified":"2025-12-25T22:59:30","modified_gmt":"2025-12-25T22:59:30","slug":"adeline-pembe-tul-kiz-cocuk-elbise","status":"publish","type":"product","link":"https:\/\/louloubabygifts.com\/index.php\/product\/adeline-pembe-tul-kiz-cocuk-elbise\/","title":{"rendered":"Adeline Pembe T\u00fcl K\u0131z \u00c7ocuk Elbise"},"content":{"rendered":"","protected":false},"excerpt":{"rendered":"<p>Do\u011fum g\u00fcnleri ve \u00f6zel g\u00fcnlerinize e\u015flik edecek miniklerin hem rahat edece\u011fi hem terletmeyen \u00f6zel kuma\u015f\u0131 ile \u00e7ok kullan\u0131\u015fl\u0131 bir se\u00e7enek<br \/>\nOmuzlarda bulunan ask\u0131lar\u0131 sayesinde \u00e7ocu\u011funuzun boyuna ve rahat edece\u011fi pozisyona g\u00f6re ayarlanabilir<br \/>\nS\u0131rt Detay\u0131nda fermuar kullan\u0131lm\u0131\u015ft\u0131r<br \/>\n\u00d6n par\u00e7as\u0131nda kullan\u0131lan kristal ve inci boncuklar \u00e7ok \u015f\u0131k bir detay olu\u015fturuyor<\/p>\n<p>Malzeme:<br \/>\nSaten, t\u00fcl, saten astar, inci ve kristal boncuklar<\/p>\n","protected":false},"featured_media":990621,"comment_status":"open","ping_status":"closed","template":"","meta":[],"product_brand":[],"product_cat":[57,410],"product_tag":[406,414],"class_list":{"0":"post-990652","1":"product","2":"type-product","3":"status-publish","4":"has-post-thumbnail","6":"product_cat-kiz-cocuk","7":"product_cat-parti-koleksiyonu","8":"product_tag-aksesuarlar","9":"product_tag-kiz-cocuk","11":"first","12":"instock","13":"taxable","14":"shipping-taxable","15":"purchasable","16":"product-type-variable","17":"has-default-attributes"},"aioseo_notices":[],"jetpack_sharing_enabled":true,"_links":{"self":[{"href":"https:\/\/louloubabygifts.com\/index.php\/wp-json\/wp\/v2\/product\/990652","targetHints":{"allow":["GET"]}}],"collection":[{"href":"https:\/\/louloubabygifts.com\/index.php\/wp-json\/wp\/v2\/product"}],"about":[{"href":"https:\/\/louloubabygifts.com\/index.php\/wp-json\/wp\/v2\/types\/product"}],"replies":[{"embeddable":true,"href":"https:\/\/louloubabygifts.com\/index.php\/wp-json\/wp\/v2\/comments?post=990652"}],"version-history":[{"count":1,"href":"https:\/\/louloubabygifts.com\/index.php\/wp-json\/wp\/v2\/product\/990652\/revisions"}],"predecessor-version":[{"id":990659,"href":"https:\/\/louloubabygifts.com\/index.php\/wp-json\/wp\/v2\/product\/990652\/revisions\/990659"}],"wp:featuredmedia":[{"embeddable":true,"href":"https:\/\/louloubabygifts.com\/index.php\/wp-json\/wp\/v2\/media\/990621"}],"wp:attachment":[{"href":"https:\/\/louloubabygifts.com\/index.php\/wp-json\/wp\/v2\/media?parent=990652"}],"wp:term":[{"taxonomy":"product_brand","embeddable":true,"href":"https:\/\/louloubabygifts.com\/index.php\/wp-json\/wp\/v2\/product_brand?post=990652"},{"taxonomy":"product_cat","embeddable":true,"href":"https:\/\/louloubabygifts.com\/index.php\/wp-json\/wp\/v2\/product_cat?post=990652"},{"taxonomy":"product_tag","embeddable":true,"href":"https:\/\/louloubabygifts.com\/index.php\/wp-json\/wp\/v2\/product_tag?post=990652"}],"curies":[{"name":"wp","href":"https:\/\/api.w.org\/{rel}","templated":true}]}}