{"id":990519,"date":"2024-03-04T17:16:46","date_gmt":"2024-03-04T17:16:46","guid":{"rendered":"https:\/\/louloubabygifts.com\/?post_type=product&#038;p=990519"},"modified":"2025-11-21T11:18:00","modified_gmt":"2025-11-21T11:18:00","slug":"prenses-glitter-tac-ve-asa-set","status":"publish","type":"product","link":"https:\/\/louloubabygifts.com\/index.php\/product\/prenses-glitter-tac-ve-asa-set\/","title":{"rendered":"Prenses Glitter Ta\u00e7 ve Asa Set"},"content":{"rendered":"","protected":false},"excerpt":{"rendered":"<p>Prenses ta\u00e7 \u015feklindeki ve asayla birle\u015fen simli sa\u00e7 bantlar\u0131, do\u011fum g\u00fcn\u00fc partilerinde ve \u00f6zel g\u00fcnlerde sizin ve \u00e7ocu\u011funuz i\u00e7in hayat kurtar\u0131yor.Tamam\u0131 el yap\u0131m\u0131 olup miniklerimizin ba\u015f \u015fekline g\u00f6re \u00f6zenle tasarlanm\u0131\u015ft\u0131r. \u0130stedi\u011finiz rengi se\u00e7ip size gelmesi i\u00e7in geri d\u00f6n\u00fc\u015f yapabilirsiniz.<\/p>\n<p>Ya\u015f Grubu : 2-8 Ya\u015f<\/p>\n<p>Not: Daha k\u00fc\u00e7\u00fck bebekler i\u00e7in \u00f6zel olarak \u00e7al\u0131\u015f\u0131lmaktad\u0131r.L\u00fctfen bizimle ileti\u015fime ge\u00e7iniz !<\/p>\n<p>&nbsp;<\/p>\n","protected":false},"featured_media":990521,"comment_status":"open","ping_status":"closed","template":"","meta":[],"product_brand":[],"product_cat":[46],"product_tag":[],"class_list":{"0":"post-990519","1":"product","2":"type-product","3":"status-publish","4":"has-post-thumbnail","6":"product_cat-aksesuarlar","8":"first","9":"instock","10":"taxable","11":"shipping-taxable","12":"purchasable","13":"product-type-simple"},"aioseo_notices":[],"jetpack_sharing_enabled":true,"_links":{"self":[{"href":"https:\/\/louloubabygifts.com\/index.php\/wp-json\/wp\/v2\/product\/990519","targetHints":{"allow":["GET"]}}],"collection":[{"href":"https:\/\/louloubabygifts.com\/index.php\/wp-json\/wp\/v2\/product"}],"about":[{"href":"https:\/\/louloubabygifts.com\/index.php\/wp-json\/wp\/v2\/types\/product"}],"replies":[{"embeddable":true,"href":"https:\/\/louloubabygifts.com\/index.php\/wp-json\/wp\/v2\/comments?post=990519"}],"version-history":[{"count":2,"href":"https:\/\/louloubabygifts.com\/index.php\/wp-json\/wp\/v2\/product\/990519\/revisions"}],"predecessor-version":[{"id":990693,"href":"https:\/\/louloubabygifts.com\/index.php\/wp-json\/wp\/v2\/product\/990519\/revisions\/990693"}],"wp:featuredmedia":[{"embeddable":true,"href":"https:\/\/louloubabygifts.com\/index.php\/wp-json\/wp\/v2\/media\/990521"}],"wp:attachment":[{"href":"https:\/\/louloubabygifts.com\/index.php\/wp-json\/wp\/v2\/media?parent=990519"}],"wp:term":[{"taxonomy":"product_brand","embeddable":true,"href":"https:\/\/louloubabygifts.com\/index.php\/wp-json\/wp\/v2\/product_brand?post=990519"},{"taxonomy":"product_cat","embeddable":true,"href":"https:\/\/louloubabygifts.com\/index.php\/wp-json\/wp\/v2\/product_cat?post=990519"},{"taxonomy":"product_tag","embeddable":true,"href":"https:\/\/louloubabygifts.com\/index.php\/wp-json\/wp\/v2\/product_tag?post=990519"}],"curies":[{"name":"wp","href":"https:\/\/api.w.org\/{rel}","templated":true}]}}