{"id":989129,"date":"2023-10-08T21:51:53","date_gmt":"2023-10-08T21:51:53","guid":{"rendered":"http:\/\/loulou.aaicreative.com\/?post_type=product&#038;p=989129"},"modified":"2024-10-08T12:43:00","modified_gmt":"2024-10-08T12:43:00","slug":"bebek-kiyafet-kesesi","status":"publish","type":"product","link":"https:\/\/louloubabygifts.com\/index.php\/product\/bebek-kiyafet-kesesi\/","title":{"rendered":"Bebek K\u0131yafet Kesesi"},"content":{"rendered":"\t\t<div data-elementor-type=\"product-post\" data-elementor-id=\"989129\" class=\"elementor elementor-989129\" data-elementor-post-type=\"product\">\n\t\t\t\t\t\t<section class=\"elementor-section elementor-top-section elementor-element elementor-element-339ddaf elementor-section-boxed elementor-section-height-default elementor-section-height-default\" data-id=\"339ddaf\" data-element_type=\"section\" data-e-type=\"section\">\n\t\t\t\t\t\t<div class=\"elementor-container elementor-column-gap-default\">\n\t\t\t\t\t<div class=\"elementor-column elementor-col-100 elementor-top-column elementor-element elementor-element-a24308b\" data-id=\"a24308b\" data-element_type=\"column\" data-e-type=\"column\">\n\t\t\t<div class=\"elementor-widget-wrap elementor-element-populated\">\n\t\t\t\t\t\t<div class=\"elementor-element elementor-element-e2a2778 elementor-widget elementor-widget-text-editor\" data-id=\"e2a2778\" data-element_type=\"widget\" data-e-type=\"widget\" data-widget_type=\"text-editor.default\">\n\t\t\t\t<div class=\"elementor-widget-container\">\n\t\t\t\t\t\t\t\t\t<p>\u00d6zel olarak tasarlanm\u0131\u015f materyale sahip kuma\u015f\u0131 ile nemli, kirli bebek k\u0131yafetleri saklamak ve ta\u015f\u0131mak art\u0131k daha rahat, kullan\u0131\u015fl\u0131 ve ayn\u0131 zamanda \u00e7ok \u015f\u0131k.<\/p><p>Bebe\u011finiz ile d\u0131\u015far\u0131 \u00e7\u0131kt\u0131\u011f\u0131n\u0131zda yan\u0131n\u0131zdan ay\u0131rmayaca\u011f\u0131n\u0131z bir par\u00e7a olaca\u011f\u0131ndan eminiz. Hem bebek bak\u0131m \u00e7antas\u0131n\u0131n i\u00e7ine yerle\u015ftirilebilecek \u015fekle sahip olup ayn\u0131 zamanda bebek arabas\u0131na as\u0131lmas\u0131 veya oldu\u011funuz yerde asabilmeniz i\u00e7in tasarlanm\u0131\u015f kordonlar\u0131, alt tarafta bulunan \u00e7\u0131t\u00e7\u0131tlar sayesinde ba\u011flanarak hem i\u00e7indeki derli toplu tutacak hem de \u00e7ok \u015f\u0131k bir g\u00f6r\u00fcnt\u00fc sa\u011flayarak herkesin be\u011fenisi kazanacakt\u0131r.<\/p><p>LouLou Baby keseleri, nemli veya kirli k\u0131yafetler d\u0131\u015f\u0131nda, ayn\u0131 zamanda yedek k\u0131yafet\/\u00e7orap i\u00e7in saklama \u00e7antas\u0131, Seyahat i\u00e7in organizat\u00f6r i\u015flevi ile sizlere b\u00fcy\u00fck kolayl\u0131k sa\u011flayacakt\u0131r.<\/p>\t\t\t\t\t\t\t\t<\/div>\n\t\t\t\t<\/div>\n\t\t\t\t\t<\/div>\n\t\t<\/div>\n\t\t\t\t\t<\/div>\n\t\t<\/section>\n\t\t\t\t<\/div>\n\t\t","protected":false},"excerpt":{"rendered":"<div class=\"product-blocks blocks-top\">\n<div class=\"product-blocks-top product-blocks-233 grid-rows\">\n<div class=\"grid-row grid-row-233-1\">\n<div class=\"grid-cols\">\n<div class=\"grid-col grid-col-233-1-1\">\n<div class=\"grid-items\">\n<div class=\"grid-item grid-item-233-1-1-1\">\n<div class=\"module module-blocks module-blocks-48 blocks-tabs\">\n<div class=\"module-body\">\n<div class=\"tabs-container\">\n<div class=\"tab-content\">\n<div id=\"blocks-65096f3a3978d-tab-1\" class=\"module-item module-item-1 tab-pane active\">\n<div class=\"block-body expand-block\">\n<div class=\"block-wrapper\">\n<div class=\"block-content expand-content block-description block-expanded\">\n<p>\u00d6zel olarak tasarlanm\u0131\u015f materyale sahip kuma\u015f\u0131 ile nemli, kirli bebek k\u0131yafetleri saklamak ve ta\u015f\u0131mak art\u0131k daha rahat, kullan\u0131\u015fl\u0131 ve ayn\u0131 zamanda \u00e7ok \u015f\u0131k.<\/p>\n<p>Bebe\u011finiz ile d\u0131\u015far\u0131 \u00e7\u0131kt\u0131\u011f\u0131n\u0131zda yan\u0131n\u0131zdan ay\u0131rmayaca\u011f\u0131n\u0131z bir par\u00e7a olaca\u011f\u0131ndan eminiz. Hem bebek bak\u0131m \u00e7antas\u0131n\u0131n i\u00e7ine yerle\u015ftirilebilecek \u015fekle sahip olup ayn\u0131 zamanda bebek arabas\u0131na as\u0131lmas\u0131 veya oldu\u011funuz yerde asabilmeniz i\u00e7in tasarlanm\u0131\u015f kordonlar\u0131, alt tarafta bulunan \u00e7\u0131t\u00e7\u0131tlar sayesinde ba\u011flanarak hem i\u00e7indeki derli toplu tutacak hem de \u00e7ok \u015f\u0131k bir g\u00f6r\u00fcnt\u00fc sa\u011flayarak herkesin be\u011fenisi kazanacakt\u0131r.<\/p>\n<p>LouLou Baby keseleri, nemli veya kirli k\u0131yafetler d\u0131\u015f\u0131nda, ayn\u0131 zamanda yedek k\u0131yafet\/\u00e7orap i\u00e7in saklama \u00e7antas\u0131, Seyahat i\u00e7in organizat\u00f6r i\u015flevi ile sizlere b\u00fcy\u00fck kolayl\u0131k sa\u011flayacakt\u0131r.<\/p>\n<\/div>\n<\/div>\n<\/div>\n<\/div>\n<\/div>\n<\/div>\n<\/div>\n<\/div>\n<\/div>\n<\/div>\n<\/div>\n<\/div>\n<\/div>\n<\/div>\n<\/div>\n","protected":false},"featured_media":989131,"comment_status":"closed","ping_status":"closed","template":"","meta":[],"product_brand":[],"product_cat":[46,305,65,52,57],"product_tag":[406],"class_list":{"0":"post-989129","1":"product","2":"type-product","3":"status-publish","4":"has-post-thumbnail","6":"product_cat-aksesuarlar","7":"product_cat-bebek-bezi-cantalari","8":"product_cat-bebekler","9":"product_cat-erkek-cocuk","10":"product_cat-kiz-cocuk","11":"product_tag-aksesuarlar","13":"first","14":"instock","15":"taxable","16":"shipping-taxable","17":"purchasable","18":"product-type-variable"},"aioseo_notices":[],"jetpack_sharing_enabled":true,"_links":{"self":[{"href":"https:\/\/louloubabygifts.com\/index.php\/wp-json\/wp\/v2\/product\/989129","targetHints":{"allow":["GET"]}}],"collection":[{"href":"https:\/\/louloubabygifts.com\/index.php\/wp-json\/wp\/v2\/product"}],"about":[{"href":"https:\/\/louloubabygifts.com\/index.php\/wp-json\/wp\/v2\/types\/product"}],"replies":[{"embeddable":true,"href":"https:\/\/louloubabygifts.com\/index.php\/wp-json\/wp\/v2\/comments?post=989129"}],"version-history":[{"count":6,"href":"https:\/\/louloubabygifts.com\/index.php\/wp-json\/wp\/v2\/product\/989129\/revisions"}],"predecessor-version":[{"id":989142,"href":"https:\/\/louloubabygifts.com\/index.php\/wp-json\/wp\/v2\/product\/989129\/revisions\/989142"}],"wp:featuredmedia":[{"embeddable":true,"href":"https:\/\/louloubabygifts.com\/index.php\/wp-json\/wp\/v2\/media\/989131"}],"wp:attachment":[{"href":"https:\/\/louloubabygifts.com\/index.php\/wp-json\/wp\/v2\/media?parent=989129"}],"wp:term":[{"taxonomy":"product_brand","embeddable":true,"href":"https:\/\/louloubabygifts.com\/index.php\/wp-json\/wp\/v2\/product_brand?post=989129"},{"taxonomy":"product_cat","embeddable":true,"href":"https:\/\/louloubabygifts.com\/index.php\/wp-json\/wp\/v2\/product_cat?post=989129"},{"taxonomy":"product_tag","embeddable":true,"href":"https:\/\/louloubabygifts.com\/index.php\/wp-json\/wp\/v2\/product_tag?post=989129"}],"curies":[{"name":"wp","href":"https:\/\/api.w.org\/{rel}","templated":true}]}}